at is the greatest common factor of 166040 and 112?
56
What is the highest common divisor of 573 and 1218771?
573
Calculate the highest common factor of 66 and 2843676.
66
Calculate the greatest common factor of 846 and 4041.
9
Calculate the highest common factor of 34200 and 400.
200
What is the highest common factor of 116 and 53424?
4
What is the greatest common divisor of 32 and 504?
8
What is the greatest common factor of 7488 and 1911?
39
What is the greatest common divisor of 284 and 1040150?
142
What is the greatest common factor of 3199 and 49?
7
Calculate the greatest common divisor of 7166061 and 357.
357
Calculate the highest common divisor of 2583 and 3731.
287
What is the highest common factor of 63 and 270711?
63
Calculate the greatest common divisor of 44 and 215924.
4
What is the highest common factor of 7676 and 65132?
76
What is the greatest common factor of 776 and 36278?
194
Calculate the greatest common factor of 1446123 and 56.
7
Calculate the greatest common factor of 33381 and 6.
3
Calculate the greatest common factor of 5 and 33521.
1
Calculate the greatest common factor of 32 and 656368.
16
Calculate the greatest common divisor of 1886 and 18768.
46
What is the greatest common factor of 190 and 109345?
95
Calculate the highest common divisor of 330 and 12030.
30
What is the greatest common factor of 95326 and 154?
154
Calculate the highest common factor of 4408 and 4028.
76
What is the greatest common divisor of 89100 and 880?
220
Calculate the greatest common divisor of 1392 and 9222.
174
Calculate the highest common factor of 282 and 39198.
282
What is the highest common divisor of 96 and 83040?
96
Calculate the highest common factor of 20831 and 37.
37
What is the greatest common factor of 15562 and 1550?
62
Calculate the highest common factor of 18000 and 816.
48
Calculate the highest common divisor of 194 and 515846.
194
Calculate the greatest common factor of 8777 and 917.
131
What is the highest common divisor of 26268 and 80595?
597
Calculate the greatest common divisor of 41537 and 9104.
569
What is the highest common factor of 13134 and 9856?
22
What is the highest common divisor of 115839 and 1647?
549
Calculate the highest common factor of 299995 and 5.
5
Calculate the highest common divisor of 112 and 212044.
28
Calculate the highest common divisor of 210313 and 73.
73
What is the highest common divisor of 5218480 and 111?
37
Calculate the highest common factor of 516 and 74949.
129
Calculate the greatest common factor of 203 and 2117.
29
Calculate the greatest common divisor of 273 and 531867.
21
What is the highest common factor of 3493 and 1071?
7
Calculate the greatest common factor of 306322 and 824.
206
What is the highest common divisor of 288 and 124272?
144
Calculate the highest common factor of 435 and 41415.
15
Calculate the highest common divisor of 7 and 372974.
7
What is the greatest common divisor of 233433 and 36?
9
Calculate the greatest common divisor of 1554798 and 84.
42
What is the greatest common divisor of 468 and 3484?
52
What is the highest common divisor of 360 and 492760?
40
What is the greatest common divisor of 329710 and 10?
10
Calculate the greatest common divisor of 801713 and 11.
11
What is the greatest common factor of 964 and 89170?
482
Calculate the highest common factor of 7812 and 127764.
252
Calculate the greatest common factor of 455472 and 1472.
16
What is the highest common divisor of 64070 and 41710?
430
What is the greatest common divisor of 36 and 200292?
12
What is the highest common divisor of 14 and 2972501?
7
Calculate the highest common divisor of 117204 and 132.
12
What is the greatest common factor of 1 and 10934?
1
Calculate the highest common divisor of 2444 and 22466.
94
Calculate the highest common factor of 103645 and 19.
19
Calculate the highest common divisor of 1122328 and 424.
424
Calculate the highest common divisor of 135 and 103815.
135
What is the greatest common divisor of 4392 and 188307?
549
What is the highest common factor of 462 and 1596?
42
Calculate the greatest common divisor of 246975 and 148.
37
Calculate the highest common factor of 12977 and 29369.
683
Calculate the highest common factor of 726170 and 20.
10
What is the highest common factor of 3 and 282609?
3
What is the greatest common factor of 96867 and 18?
9
What is the highest common divisor of 61226 and 46?
46
What is the greatest common factor of 1162 and 116366?
166
What is the greatest common divisor of 506 and 14641?
11
What is the highest common factor of 24 and 226920?
24
What is the highest common divisor of 8320 and 20?
20
What is the greatest common factor of 2327712 and 18?
6
What is the greatest common divisor of 6 and 190101?
3
Calculate the greatest common divisor of 52 and 10996.
4
What is the greatest common divisor of 269442 and 18?
18
What is the highest common factor of 437 and 2369?
23
What is the highest common divisor of 1215 and 300?
15
What is the greatest common divisor of 14534 and 67262?
338
Calculate the highest common divisor of 41323 and 43.
43
What is the highest common divisor of 200 and 4192?
8
What is the greatest common factor of 2579438 and 398?
398
What is the highest common factor of 918890 and 560?
70
Calculate the highest common divisor of 188964 and 319.
29
Calculate the highest common factor of 2662 and 768.
2
What is the highest common divisor of 7240 and 59540?
20
What is the greatest common divisor of 34 and 16966?
34
What is the highest common factor of 69437 and 184?
23
Calculate the highest common factor of 12798 and 60198.
474
What is the greatest common factor of 816 and 3774?
102
What is the highest common factor of 3936 and 99056?
656
What is the greatest common factor of 1200194 and 58?
58
What is the greatest common factor of 1268722 and 28?
14
What is the greatest common divisor of 6324 and 1736?
124
What is the greatest common divisor of 19313 and 1953?
217
Calculate the greatest common divisor of 237 and 2085837.
237
What is the greatest common factor of 23637 and 48?
3
What is the highest common divisor of 6 and 32986?
2
Calculate the highest common factor of 5796 and 181692.
252
What is the highest common divisor of 3586 and 21353?
163
What is the greatest common divisor of 5720 and 32560?
440
What is the highest common divisor of 2790 and 352656?
558
Calculate the highest common factor of 60624 and 204.
12
Calculate the highest common divisor of 3157757 and 149.
149
Calculate the greatest common divisor of 404 and 15900834.
202
Calculate the highest common divisor of 308266 and 2270.
454
Calculate the greatest common factor of 760 and 59690.
10
What is the highest common divisor of 520 and 894335?
65
What is the greatest common factor of 56619 and 6?
3
Calculate the greatest common factor of 45 and 37593.
9
What is the greatest common factor of 41325 and 5415?
285
Calculate the highest common factor of 1710 and 12160.
190
What is the highest common divisor of 1911 and 39?
39
What is the highest common divisor of 272726 and 38?
38
What is the highest common factor of 68244 and 308?
44
Calculate the greatest common factor of 498 and 182102.
166
Calculate the highest common divisor of 117 and 427518.
117
What is the highest common divisor of 9 and 1362141?
9
What is the greatest common divisor of 5729 and 68?
17
Calculate the highest common factor of 255348 and 29064.
2076
What is the greatest common divisor of 1025034 and 18?
6
Calculate the greatest common divisor of 2 and 6233.
1
What is the greatest common factor of 2093 and 20148?
23
What is the highest common divisor of 16915 and 340?
85
What is the highest common factor of 455 and 129402?
91
What is the greatest common divisor of 330 and 500?
10
Calculate the highest common factor of 8169 and 735.
21
Calculate the highest common factor of 2805 and 10965.
255
What is the greatest common factor of 93672 and 4608?
72
What is the greatest common divisor of 35 and 2734865?
35
Calculate the greatest common divisor of 506 and 683560.
46
Calculate the highest common divisor of 54 and 1538946.
54
What is the highest common divisor of 23 and 20861?
23
Calculate the greatest common divisor of 84546 and 90.
18
Calculate the highest common divisor of 1617 and 5733.
1